{"id":9,"date":"2023-10-03T19:57:14","date_gmt":"2023-10-04T01:57:14","guid":{"rendered":"https:\/\/agromatic.mx\/?page_id=9"},"modified":"2023-10-20T14:23:53","modified_gmt":"2023-10-20T20:23:53","slug":"inicio","status":"publish","type":"page","link":"https:\/\/agromatic.mx\/","title":{"rendered":"Inicio"},"content":{"rendered":"<style>\/*! elementor - v3.16.0 - 20-09-2023 *\/<br \/>\n.elementor-column .elementor-spacer-inner{height:var(--spacer-size)}.e-con{--container-widget-width:100%}.e-con-inner>.elementor-widget-spacer,.e-con>.elementor-widget-spacer{width:var(--container-widget-width,var(--spacer-size));--align-self:var(--container-widget-align-self,initial);--flex-shrink:0}.e-con-inner>.elementor-widget-spacer>.elementor-widget-container,.e-con>.elementor-widget-spacer>.elementor-widget-container{height:100%;width:100%}.e-con-inner>.elementor-widget-spacer>.elementor-widget-container>.elementor-spacer,.e-con>.elementor-widget-spacer>.elementor-widget-container>.elementor-spacer{height:100%}.e-con-inner>.elementor-widget-spacer>.elementor-widget-container>.elementor-spacer>.elementor-spacer-inner,.e-con>.elementor-widget-spacer>.elementor-widget-container>.elementor-spacer>.elementor-spacer-inner{height:var(--container-widget-height,var(--spacer-size))}.e-con-inner>.elementor-widget-spacer.elementor-widget-empty,.e-con>.elementor-widget-spacer.elementor-widget-empty{position:relative;min-height:22px;min-width:22px}.e-con-inner>.elementor-widget-spacer.elementor-widget-empty .elementor-widget-empty-icon,.e-con>.elementor-widget-spacer.elementor-widget-empty .elementor-widget-empty-icon{position:absolute;top:0;bottom:0;left:0;right:0;margin:auto;padding:0;width:22px;height:22px}<\/style>\n<style>\/*! elementor - v3.16.0 - 20-09-2023 *\/<br \/>\n.elementor-heading-title{padding:0;margin:0;line-height:1}.elementor-widget-heading .elementor-heading-title[class*=elementor-size-]>a{color:inherit;font-size:inherit;line-height:inherit}.elementor-widget-heading .elementor-heading-title.elementor-size-small{font-size:15px}.elementor-widget-heading .elementor-heading-title.elementor-size-medium{font-size:19px}.elementor-widget-heading .elementor-heading-title.elementor-size-large{font-size:29px}.elementor-widget-heading .elementor-heading-title.elementor-size-xl{font-size:39px}.elementor-widget-heading .elementor-heading-title.elementor-size-xxl{font-size:59px}<\/style>\n<h2>Nuestras soluciones<\/h2>\n<link rel=\"stylesheet\" href=\"https:\/\/agromatic.mx\/wp-content\/plugins\/elementor\/assets\/css\/widget-icon-list.min.css\">\n<ul>\n<li>\n\t\t\t\t\t\t\t\t\t\tGOTEO<\/li>\n<li>\n\t\t\t\t\t\t\t\t\t\tASPERSI\u00d3N<\/li>\n<li>\n\t\t\t\t\t\t\t\t\t\tCA\u00d1\u00d3N VIAJERO<\/li>\n<li>\n\t\t\t\t\t\t\t\t\t\tPIVOTE CENTRAL<\/li>\n<li>\n\t\t\t\t\t\t\t\t\t\tMICROASPERSI\u00d3N<\/li>\n<li>\n\t\t\t\t\t\t\t\t\t\tEQUIPOS DE BOMBEO<\/li>\n<li>\n\t\t\t\t\t\t\t\t\t\tBOMBEO SOLAR<\/li>\n<li>\n\t\t\t\t\t\t\t\t\t\tTANQUES DE ALMACENAMIENTO<\/li>\n<li>\n\t\t\t\t\t\t\t\t\t\tMEJORADORES DE SUELO<\/li>\n<li>\n\t\t\t\t\t\t\t\t\t\tSISTEMAS CONTRA INCENDIO<\/li>\n<li>\n\t\t\t\t\t\t\t\t\t\tOSMOSIS INVERSA<\/li>\n<li>\n\t\t\t\t\t\t\t\t\t\tTRATAMIENTO DE AGUA<\/li>\n<\/ul>\n<style>\/*! elementor - v3.16.0 - 20-09-2023 *\/<br \/>\n.elementor-widget-google_maps .elementor-widget-container{overflow:hidden}.elementor-widget-google_maps .elementor-custom-embed{line-height:0}.elementor-widget-google_maps iframe{height:300px}<\/style>\n<p>\t\t\t<iframe loading=\"lazy\"\n\t\t\t\t\tsrc=\"https:\/\/maps.google.com\/maps?q=Blvd.%20Antonio%20L.%20Rodr%C3%ADguez%203058%2C%20Santa%20Mar%C3%ADa%2C%2064650%20Monterrey%2C%20N.L.&#038;t=m&#038;z=10&#038;output=embed&#038;iwloc=near\"\n\t\t\t\t\ttitle=\"Blvd. Antonio L. Rodr\u00edguez 3058, Santa Mar\u00eda, 64650 Monterrey, N.L.\"\n\t\t\t\t\taria-label=\"Blvd. Antonio L. Rodr\u00edguez 3058, Santa Mar\u00eda, 64650 Monterrey, N.L.\"\n\t\t\t><\/iframe><\/p>\n<h2>Cont\u00e1ctanos<\/h2>\n<p><strong>Correo:<\/strong> contacto@agromatic.mx<\/p>\n<p><strong>Tel\u00e9fono:<\/strong> 81-1930-0345<\/p>\n<p><strong>Direcci\u00f3n:<\/strong> Blvd. Antonio L Rodr\u00edguez # 3058, Piso PH 602 Int. 216\u00a0 Col. Santa Mar\u00eda, Monterrey, N.L. M\u00e9xico CP 64650<\/p>\n","protected":false},"excerpt":{"rendered":"<p>Nuestras soluciones GOTEO ASPERSI\u00d3N CA\u00d1\u00d3N VIAJERO PIVOTE CENTRAL MICROASPERSI\u00d3N EQUIPOS DE BOMBEO BOMBEO SOLAR TANQUES DE ALMACENAMIENTO MEJORADORES DE SUELO SISTEMAS CONTRA INCENDIO OSMOSIS INVERSA TRATAMIENTO DE AGUA Cont\u00e1ctanos Correo: contacto@agromatic.mx Tel\u00e9fono: 81-1930-0345 Direcci\u00f3n: Blvd. Antonio L Rodr\u00edguez # 3058, Piso PH 602 Int. 216\u00a0 Col. Santa Mar\u00eda, Monterrey, N.L. M\u00e9xico CP 64650<\/p>\n","protected":false},"author":2,"featured_media":0,"parent":0,"menu_order":0,"comment_status":"closed","ping_status":"closed","template":"elementor_header_footer","meta":{"site-sidebar-layout":"no-sidebar","site-content-layout":"","ast-site-content-layout":"full-width-container","site-content-style":"default","site-sidebar-style":"default","ast-global-header-display":"","ast-banner-title-visibility":"","ast-main-header-display":"","ast-hfb-above-header-display":"","ast-hfb-below-header-display":"","ast-hfb-mobile-header-display":"","site-post-title":"disabled","ast-breadcrumbs-content":"","ast-featured-img":"disabled","footer-sml-layout":"","theme-transparent-header-meta":"","adv-header-id-meta":"","stick-header-meta":"","header-above-stick-meta":"","header-main-stick-meta":"","header-below-stick-meta":"","astra-migrate-meta-layouts":"default","ast-page-background-enabled":"default","ast-page-background-meta":{"desktop":{"background-color":"var(--ast-global-color-4)","background-image":"","background-repeat":"repeat","background-position":"center center","background-size":"auto","background-attachment":"scroll","background-type":"","background-media":"","overlay-type":"","overlay-color":"","overlay-opacity":"","overlay-gradient":""},"tablet":{"background-color":"","background-image":"","background-repeat":"repeat","background-position":"center center","background-size":"auto","background-attachment":"scroll","background-type":"","background-media":"","overlay-type":"","overlay-color":"","overlay-opacity":"","overlay-gradient":""},"mobile":{"background-color":"","background-image":"","background-repeat":"repeat","background-position":"center center","background-size":"auto","background-attachment":"scroll","background-type":"","background-media":"","overlay-type":"","overlay-color":"","overlay-opacity":"","overlay-gradient":""}},"ast-content-background-meta":{"desktop":{"background-color":"var(--ast-global-color-5)","background-image":"","background-repeat":"repeat","background-position":"center center","background-size":"auto","background-attachment":"scroll","background-type":"","background-media":"","overlay-type":"","overlay-color":"","overlay-opacity":"","overlay-gradient":""},"tablet":{"background-color":"var(--ast-global-color-5)","background-image":"","background-repeat":"repeat","background-position":"center center","background-size":"auto","background-attachment":"scroll","background-type":"","background-media":"","overlay-type":"","overlay-color":"","overlay-opacity":"","overlay-gradient":""},"mobile":{"background-color":"var(--ast-global-color-5)","background-image":"","background-repeat":"repeat","background-position":"center center","background-size":"auto","background-attachment":"scroll","background-type":"","background-media":"","overlay-type":"","overlay-color":"","overlay-opacity":"","overlay-gradient":""}},"footnotes":""},"class_list":["post-9","page","type-page","status-publish","hentry"],"_links":{"self":[{"href":"https:\/\/agromatic.mx\/index.php\/wp-json\/wp\/v2\/pages\/9","targetHints":{"allow":["GET"]}}],"collection":[{"href":"https:\/\/agromatic.mx\/index.php\/wp-json\/wp\/v2\/pages"}],"about":[{"href":"https:\/\/agromatic.mx\/index.php\/wp-json\/wp\/v2\/types\/page"}],"author":[{"embeddable":true,"href":"https:\/\/agromatic.mx\/index.php\/wp-json\/wp\/v2\/users\/2"}],"replies":[{"embeddable":true,"href":"https:\/\/agromatic.mx\/index.php\/wp-json\/wp\/v2\/comments?post=9"}],"version-history":[{"count":56,"href":"https:\/\/agromatic.mx\/index.php\/wp-json\/wp\/v2\/pages\/9\/revisions"}],"predecessor-version":[{"id":450,"href":"https:\/\/agromatic.mx\/index.php\/wp-json\/wp\/v2\/pages\/9\/revisions\/450"}],"wp:attachment":[{"href":"https:\/\/agromatic.mx\/index.php\/wp-json\/wp\/v2\/media?parent=9"}],"curies":[{"name":"wp","href":"https:\/\/api.w.org\/{rel}","templated":true}]}}